he units digit of 434290?
0
What is the hundreds digit of 583912?
9
What is the tens digit of 1195028?
2
What is the ten thousands digit of 1692603?
9
What is the hundreds digit of 13112562?
5
What is the millions digit of 8278363?
8
What is the ten thousands digit of 19828730?
2
What is the millions digit of 13815361?
3
What is the hundred thousands digit of 6787748?
7
What is the thousands digit of 624465?
4
What is the millions digit of 2277949?
2
What is the thousands digit of 17934570?
4
What is the ten thousands digit of 202279?
0
What is the hundred thousands digit of 2363142?
3
What is the hundreds digit of 137552?
5
What is the hundred thousands digit of 16112240?
1
What is the tens digit of 14577?
7
What is the ten thousands digit of 247472?
4
What is the units digit of 116374?
4
What is the tens digit of 536129?
2
What is the hundreds digit of 554568?
5
What is the millions digit of 1074823?
1
What is the ten thousands digit of 6394442?
9
What is the units digit of 180214?
4
What is the ten thousands digit of 720455?
2
What is the thousands digit of 1436498?
6
What is the hundreds digit of 3491278?
2
What is the millions digit of 1292305?
1
What is the thousands digit of 22217763?
7
What is the hundreds digit of 3401077?
0
What is the hundreds digit of 745147?
1
What is the ten thousands digit of 927943?
2
What is the tens digit of 66408?
0
What is the units digit of 1809839?
9
What is the thousands digit of 405147?
5
What is the millions digit of 13448040?
3
What is the hundreds digit of 160326?
3
What is the tens digit of 18348467?
6
What is the hundred thousands digit of 9691944?
6
What is the hundreds digit of 243810?
8
What is the ten thousands digit of 2418419?
1
What is the thousands digit of 1287434?
7
What is the ten thousands digit of 2850473?
5
What is the thousands digit of 9463377?
3
What is the ten thousands digit of 11095171?
9
What is the tens digit of 1320588?
8
What is the units digit of 131616?
6
What is the ten thousands digit of 1055913?
5
What is the units digit of 1321398?
8
What is the thousands digit of 380251?
0
What is the hundred thousands digit of 959215?
9
What is the hundreds digit of 781675?
6
What is the tens digit of 119716?
1
What is the hundred thousands digit of 4401130?
4
What is the hundred thousands digit of 298733?
2
What is the millions digit of 14670932?
4
What is the units digit of 22988080?
0
What is the tens digit of 359271?
7
What is the thousands digit of 17573281?
3
What is the hundred thousands digit of 9791843?
7
What is the hundreds digit of 8293640?
6
What is the units digit of 6651065?
5
What is the hundreds digit of 297987?
9
What is the units digit of 1365603?
3
What is the ten thousands digit of 7988635?
8
What is the thousands digit of 4949325?
9
What is the hundred thousands digit of 261929?
2
What is the hundreds digit of 5396522?
5
What is the thousands digit of 352299?
2
What is the millions digit of 9874457?
9
What is the millions digit of 3728414?
3
What is the thousands digit of 61604?
1
What is the hundred thousands digit of 464697?
4
What is the hundred thousands digit of 682448?
6
What is the tens digit of 32203484?
8
What is the hundred thousands digit of 1409233?
4
What is the ten thousands digit of 21631362?
3
What is the ten thousands digit of 142227?
4
What is the tens digit of 15634926?
2
What is the hundred thousands digit of 1962340?
9
What is the thousands digit of 566193?
6
What is the thousands digit of 1528614?
8
What is the hundred thousands digit of 7805126?
8
What is the ten thousands digit of 7856176?
5
What is the tens digit of 2406283?
8
What is the tens digit of 2057018?
1
What is the millions digit of 6548957?
6
What is the tens digit of 6085018?
1
What is the hundred thousands digit of 288372?
2
What is the millions digit of 23557409?
3
What is the millions digit of 1288657?
1
What is the ten thousands digit of 1651308?
5
What is the hundred thousands digit of 667270?
6
What is the tens digit of 18875468?
6
What is the thousands digit of 3775655?
5
What is the millions digit of 12466577?
2
What is the millions digit of 1263846?
1
What is the hundred thousands digit of 7843595?
8
What is the hundred thousands digit of 4745873?
7
What is the units digit of 29311067?
7
What is the tens digit of 166086?
8
What is the hundred thousands digit of 5341542?
3
What is the ten thousands digit of 358466?
5
What is the thousands digit of 343424?
3
What is the hundreds digit of 157500?
5
What is the tens digit of 6192277?
7
What is the ten millions digit of 10359407?
1
What is the ten thousands digit of 225500?
2
What is the units digit of 213063?
3
What is the ten thousands digit of 22176923?
7
What is the thousands digit of 820912?
0
What is the millions digit of 1788557?
1
What is the tens digit of 1519471?
7
What is the ten thousands digit of 35424?
3
What is the tens digit of 2801567?
6
What is the thousands digit of 666157?
6
What is the tens digit of 371707?
0
What is the hundreds digit of 28015?
0
What is the ten thousands digit of 2086069?
8
What is the tens digit of 5927641?
4
What is the ten thousands digit of 243934?
4
What is the hundreds digit of 3894221?
2
What is the ten thousands digit of 14612?
1
What is the millions digit of 3701466?
3
What is the ten thousands digit of 339586?
3
What is the hundreds digit of 5637472?
4
What is the hundred thousands digit of 6476092?
4
What is the ten thousands digit of 393341?
9
What is the ten thousands digit of 1722386?
2
What is the units digit of 1965589?
9
What is the tens digit of 621043?
4
What is the millions digit of 17818300?
7
What is the ten thousands digit of 6183709?
8
What is the thousands digit of 254364?
4
What is the thousands digit of 94984?
4
What is the ten thousands digit of 10262329?
6
What is the thousands digit of 13963719?
3
What is the tens digit of 108048?
4
What is the tens digit of 553824?
2
What is the thousands digit of 270125?
0
What is the ten thousands digit of 2746261?
4
What is the hundreds digit of 2829433?
4
What is the units digit of 349604?
4
What is the tens digit of 86377?
7
What is the thousands digit of 4044760?
4
What is the units digit of 13948539?
9
What is the ten thousands digit of 11215579?
1
What is the thousands digit of 1074999?
4
What is the millions digit of 1757960?
1
What is the hundreds digit of 5624277?
2
What is the millions digit of 3080652?
3
What is the hundreds digit of 5197?
1
What is the hundred thousands digit of 12230006?
2
What is the thousands digit of 187804?
7
What is the hundreds digit of 111371?
3
What is the units digit of 776556?
6
What is the tens digit of 44385?
8
What is the units digit of 14328?
8
What is the ten thousands digit of 2243613?
4
What is the thousands digit of 392551?
2
What is the tens digit of 576190?
9
What is the hundreds digit of 5641720?
7
What is the tens digit of 492335?
3
What is the units digit of 379002?
2
What is the ten thousands digit of 49956?
4
What is the tens digit of 3408627?
2
What is the hundred thousands digit of 726840?
7
What is the tens digit of 14771825?
2
What is the hundreds digit of 333339?
3
What is the thousands digit of 84641?
4
What is the hundred thousands digit of 12773436?
7
What is the hundreds digit of 28930532?
5
What is the thousands digit of 94259?
4
What is the hundreds digit of 3625479?
4
What is the ten thousands digit of 323526?
2
What is the ten millions digit of 17591839?
1
What is the thousands digit of 665931?
5
What is the thousands digit of 371092?
1
What is the hundred thousands digit of 3141213?
1
What is the units digit of 285879?
9
What is the ten thousands digit of 3880914?
8
What is the tens digit of 553044?
4
What is the units digit of 2508359?
9
What is the hundred thousands digit of 1468402?
4
What is the tens digit of 684894?
9
What is the ten thousands digit of 66502?
6
What is the tens digit of 201753?
5
What is the tens digit of 435907?
0
What is the units digit of 1622030?
0
What is the units digit of 1267365?
5
What is the thousands digit of 211431?
1
What is the units digit of 5672951?
1
What is the hundred thousands digit of 381554?
3
What is the ten thousands digit of 816937?
1
What is the units digit of 4162239?
9
What is the hundreds digit